termine t(-7).
7
Let l(i) = i**2 - i + 9. Determine l(0).
9
Let r(d) = 58*d - 401. What is r(7)?
5
Let p(v) = 2*v**2 - 7*v - 1. What is p(5)?
14
Let r(d) = -21*d + 2. Give r(-1).
23
Let l(c) = -c**2 + 8*c - 25. Give l(10).
-45
Let o(k) = -3*k + 13. What is o(4)?
1
Let d(w) = -w**3 - 9*w**2 + w + 12. Give d(-9).
3
Let c(g) = -g**3 + 20*g**2 - 4. What is c(20)?
-4
Let d(u) = 5*u - 12. Determine d(6).
18
Let o(y) = -6*y - 23. Determine o(-4).
1
Let b(l) = -3*l + 10. Calculate b(2).
4
Let y(k) = 3*k**2 - 5*k + 5. Determine y(5).
55
Let w(m) = 23*m + 2. Give w(1).
25
Let g(q) = 5*q**2 - 14*q + 2. Calculate g(6).
98
Let c(q) = -16*q**3 + 2*q**2 + q. Determine c(-1).
17
Let b(t) = t**2 - 14*t + 14. Determine b(12).
-10
Let s(z) = -2*z + 36. Calculate s(15).
6
Let h(l) = -12*l + 85. Calculate h(7).
1
Let w(l) = -l**2 - 15*l - 12. Determine w(-12).
24
Let g(o) = 2*o**2 + 3*o - 4. Calculate g(4).
40
Let o(y) = 2*y**2 + 5*y - 4. Determine o(-5).
21
Let b(u) = 17*u + 147. Calculate b(-8).
11
Let x(z) = z**3 - z**2 + z - 14. What is x(0)?
-14
Let i(b) = -b**2 - 8*b. Calculate i(-6).
12
Let q(u) = -u + 16. What is q(-5)?
21
Let y(j) = -5*j**3 - j**2 + j + 1. Give y(2).
-41
Let d(f) = f**2 - 3*f - 7. Calculate d(3).
-7
Let b(m) = 9*m + 15. Give b(-5).
-30
Let z(a) = -5*a - 23. Calculate z(-7).
12
Let o(y) = 4*y + 7. Calculate o(6).
31
Let b(q) = -q**3 - 8*q**2 - 9*q + 4. What is b(-7)?
18
Let d(o) = -o**3 - 18*o**2 + o + 22. What is d(-18)?
4
Let y(n) = n**2 - 17*n + 6. Determine y(19).
44
Let k(q) = -4*q - 1. Calculate k(7).
-29
Let v(h) = -5*h. Give v(1).
-5
Let r(x) = -25*x + 75. Determine r(3).
0
Let s(n) = -n**2 - 12*n + 1. Determine s(-13).
-12
Let d(a) = -2*a + 72. What is d(34)?
4
Let o(r) = 2*r**2 - 7*r - 779. What is o(-18)?
-5
Let r(v) = -v**2 + 18*v - 36. Determine r(15).
9
Let b(n) = -15*n**2 - 29*n - 2. What is b(-2)?
-4
Let u(w) = -w**3 + 2*w**2 - w + 1. What is u(2)?
-1
Let o(p) = p**3 + 7*p**2 + 9*p + 2. What is o(-6)?
-16
Let c(t) = t**3 + 4*t**2 - 3*t + 2. What is c(-2)?
16
Let n(a) = 36*a + 45. Determine n(-2).
-27
Let w(f) = -f**3 - 18*f**2 + 21*f + 56. What is w(-19)?
18
Let i(c) = c**2 - 3*c - 90. What is i(11)?
-2
Let n(f) = -f**2 - 7*f + 10. Calculate n(-8).
2
Let o(n) = 175*n**2 + 3*n - 3. Determine o(1).
175
Let o(u) = -u**2 + 4*u - 7. Determine o(0).
-7
Let w(g) = 3*g - 15. What is w(6)?
3
Let a(t) = -t**3 - 7*t**2 - 2*t + 1. Determine a(-6).
-23
Let k(w) = 4*w**2 - 5*w. Give k(0).
0
Let d(c) = -20*c - 472. Give d(-24).
8
Let l(w) = -w**3 - 31*w**2 - 74*w + 277. Calculate l(-28).
-3
Let a(p) = p**2 + 22*p + 43. What is a(-20)?
3
Let z(w) = -8*w**3 - 2*w**2 + 1. Calculate z(1).
-9
Let y(n) = 36*n**2 - 216*n + 6. What is y(6)?
6
Let i(l) = 7*l + 235. Determine i(-34).
-3
Let w(k) = 2*k**3 + 14*k**2 - 5*k - 3. What is w(-7)?
32
Let m(p) = 15*p + 2. Give m(-1).
-13
Let t(k) = -k - 64. Determine t(19).
-83
Let p(h) = h + 8. What is p(-4)?
4
Let v(g) = 3*g**2 - 4*g - 7. Determine v(4).
25
Let d(w) = w**2 + 10*w - 1. Give d(-7).
-22
Let w(u) = u**2 - 23*u + 93. Calculate w(17).
-9
Let u(k) = -2*k**3 - 21*k**2 + 9*k - 50. Determine u(-11).
-28
Let u(g) = g - 9. Give u(6).
-3
Let p(i) = 32*i + 2. Calculate p(4).
130
Let b(n) = -n**2 + 7*n - 6. Calculate b(1).
0
Let s(o) = o**3 + 8*o**2 + 2*o - 14. What is s(-8)?
-30
Let l(k) = -k**2 + 23*k - 50. Give l(21).
-8
Let a(u) = -3*u**2 + u - 3. Give a(-2).
-17
Let r(v) = 4*v**3 - v**2 - 11*v + 18. Determine r(2).
24
Let c(p) = 3*p - 2. Give c(8).
22
Let w(p) = -p**2 - 9*p + 1. Give w(-10).
-9
Let x(j) = j**3 + 3*j**2 - 2*j - 4. Determine x(-3).
2
Let o(w) = -17*w + 35. Determine o(-11).
222
Let q(t) = -3*t**2 + 4*t + 2. Give q(3).
-13
Let k(y) = 4*y - 10. Give k(6).
14
Let p(h) = 5*h**3 - h**2. Calculate p(-2).
-44
Let u(r) = -2*r**2 - 17*r - 15. Give u(-7).
6
Let s(v) = -4*v - 7. Give s(7).
-35
Let n(d) = -d + 8. Calculate n(7).
1
Let g(b) = -b**3 + 25*b**2 + 25*b + 32. What is g(26)?
6
Let x(z) = -8*z - 166. Determine x(-27).
50
Let c(q) = -q**2 + 3*q + 5. Determine c(-2).
-5
Let f(s) = 33*s - 1. Give f(-1).
-34
Let k(a) = a**3 - 15*a**2 + 14*a + 2. Determine k(14).
2
Let d(h) = h**3 - 9*h**2 + 14*h + 9. What is d(7)?
9
Let w(t) = t**3 + 6*t**2 - 9. What is w(-5)?
16
Let w(c) = -2*c**2 + 14*c + 1. Give w(7).
1
Let r(z) = -2*z**2 - 3*z - 1. Calculate r(-2).
-3
Let b(s) = s**3 - 8*s**2 + 12*s - 2. Calculate b(7).
33
Let g(z) = -z**2 + 2*z + 3. What is g(0)?
3
Let s(x) = 4*x + 40. Give s(-11).
-4
Let s(d) = -2*d - 8. Determine s(6).
-20
Let a(w) = w**2 + 18*w + 8. Give a(-17).
-9
Let s(m) = -7*m - 1. Calculate s(-2).
13
Let l(a) = -a**3 - a**2 + 2*a - 3. Calculate l(-3).
9
Let c(n) = 2*n**2 - n. What is c(-2)?
10
Let q(z) = -104*z**3 + 3*z**2 - 2*z. What is q(1)?
-103
Let q(b) = -4*b**2 - 60*b - 54. What is q(-14)?
2
Let i(k) = -k**3 + k**2 + 37. Calculate i(0).
37
Let l(q) = 31*q**3 + q**2 - q - 1. Give l(-1).
-30
Let i(v) = v**3 + 5*v**2 + 4*v. Give i(-5).
-20
Let z(t) = -t**3 + 8*t**2 - 12*t + 42. Give z(7).
7
Let j(u) = 2*u**3 + 11*u**2 - 7*u + 14. Give j(-6).
20
Let t(o) = o**3 - 5*o**2 + 5*o - 2. Calculate t(5).
23
Let f(y) = 12*y + 50. Give f(-4).
2
Let h(z) = -z**2 + 11*z - 4. Calculate h(12).
-16
Let c(m) = -m**3 + 7*m**2 + 12*m - 3. Give c(-2).
9
Let g(u) = u**3 - 37*u**2 + u - 39. Determine g(37).
-2
Let d(m) = -m**2 - 10*m - 9. Calculate d(-6).
15
Let v(f) = f**3 - 7*f**2 + 5*f - 4. Calculate v(7).
31
Let r(n) = 34*n**2 - 27*n + 3. Determine r(2).
85
Let y(q) = 16*q + 2. Determine y(2).
34
Let g(l) = -l**2 + 10*l - 13. Determine g(8).
3
Let w(h) = 4*h**3 - 13*h**2 + 3*h - 5. Give w(3).
-5
Let p(t) = -7*t + 3. Calculate p(-3).
24
Let s(i) = i**3 + 8*i**2 + 6*i + 7. Calculate s(-8).
-41
Let v(m) = -m**2. Determine v(2).
-4
Let b(f) = 37*f**2 - 6*f - 7. Give b(-2).
153
Let t(f) = f**3 - 9*f**2 + 7*f - 14. What is t(6)?
-80
Let z(y) = -11*y - 3. Give z(-1).
8
Let o(z) = -z**3 - 9*z**2 - 3*z - 8. Give o(-7).
-85
Let d(c) = 49*c - 299. Give d(6).
-5
Let a(v) = v**2 + 2*v - 1. Determine a(-2).
-1
Let t(m) = m**2 - 19*m + 40. Give t(16).
-8
Let u(w) = -w - 19. Give u(-12).
-7
Let h(q) = -7*q**2 - 1. Give h(-1).
-8
Let m(i) = -i**2 + 9*i + 3. What is m(9)?
3
Let s(n) = -n**2 - 28*n - 33. Give s(-23).
82
Let b(w) = -w**2 + 6*w + 10. Determine b(8).
-6
Let p(y) = -y**3 - 11*y**2 - 16*y - 2. Give p(-7).
-86
Let x(w) = 2*w - 2. Give x(-9).
-20
Let n(g) = 2*g**3 - 72*g**2 - g + 43. Calculate n(36).
7
Let g(h) = -h**3 + 15*h**2 - h + 11. Determine g(15).
-4
Let n(j) = 41*j. Determine n(1).
41
Let p(f) = 2*f + 32. Determine p(-14).
4
Let z(u) = -u**2 + 4. Give z(-4).
-12
Let w(m) = 9*m + 5. Calculate w(4).
41
Let j(s) = 2*s - 43. Determine j(8).
-27
Let p(b) = b**2 - 5*b + 6. Give p(3).
0
Let b(m) = -2*m**2 + 21*m - 35. What is b(6)?
19
Let p(m) = m**3 + m**2 - 9*m - 1. What is p(3)?
8
Let b(n) = 3*n**3 + n**2 - 3*n - 1. Determine b(2).
21
Let k(g) = 9*g + 1. Calculate k(-1).
-8
Let z(q) = 18*q - 488. What is z(27)?
-2
Let v(a) = 120*a + 1319. Determine v(-11).
-1
Let i(t) = -7*t + 6. Determine i(8).
-50
Let y(b) = -b**2 - 20*b + 28. What is y(-22)?
-16
Let s(c) = -30*c - 227. What is s(-8)?
13
Let y(t) = -t + 39. Determine y(20).
19
Let g(c) = c**2 + 26*c + 15. What is g(-26)?
15
Let g(b) = b**2 + 16*b - 8. Determine g(-13).
-47
Let t(n) = n**3 - 15*n**2 + 5*n - 48. Calculate t(15).
27
Let i(z) = z**3 + 13*z**2 - 3*z - 1. What is i(-13)?
38
Let u(s) = -s**3 + 6*s**2 + 8*s - 2. Give u(7).
5
Let p(w) = w**2 - 6*w + 10. Determine p(7).
17
Let a(x) = -x**2 + 6*x + 12. Give a(-6).
-60
Let z(n) = -3*n**2 - 75*n - 203. What is z(-3)?
-5
Let k(c) = c**3 - 11*c**2 + 4*c + 14. Calculate k(11).
58
Let x(j) = -j**3 + 11*j**2 - 15*j - 68. Determine x(8).
4
Let b(x) = x**2 - 10*x - 168. Give b(19).
3
Let q(u) = 2*u - 10. Give q(7).
4
Let w(k) = 29*k - 6. What is w(0)?
-6
Let v(c) = -2*c**3 + 2*c**2 - 3*c + 2. Give v(2).
-12
Let j(c) = 36*c + 213. Calculate j(-6).
-3
Let y(w) = w - 22. What is y(0)?
-22
Let i(t) = 2*t**2 - 12*t - 3. What is i(6)?
-3
Let o(u) = -2*u - 21. What is o(-10)?
-1
Let b(h) = h**3 - 18*h**2 + 34*h - 33. Calculate b(16).
-1
Let i(t) = -30*t + 180. Calculate i(6).
0
Let h(j) = -j**3 + 7*j**2 - 8*j - 1. Determine h(6).
-13
Let c(t) = 6*t + 8. Determine c(-6).
-28
Let t(q) = q**2 - 2*q - 6